{"id":2,"date":"2024-02-12T12:00:51","date_gmt":"2024-02-12T12:00:51","guid":{"rendered":"https:\/\/nabucco.es\/?page_id=2"},"modified":"2024-11-12T15:50:23","modified_gmt":"2024-11-12T15:50:23","slug":"sample-page","status":"publish","type":"page","link":"https:\/\/nabucco.es\/","title":{"rendered":"NABUCCO"},"content":{"rendered":"\n<p class=\"has-medium-font-size\"><strong>Somos un grupo de profesionales e investigadores que trabajamos en el campo de las matem\u00e1ticas, de la salud, de la psicolog\u00eda y filosof\u00eda entre otras disciplinas. Todas ellas coordinadas como equipo multidisciplinar al servicio del bien com\u00fan, de la dignidad sagrada de la vida&#8230; <\/strong><\/p>\n\n\n\n<p>El grupo <strong><em>Nabucco<\/em><\/strong> se integra en <strong><a href=\"http:\/\/profesionalesporelbiencomun.com\">Profesionales por el Bien Com\u00fan.<\/a><\/strong><\/p>\n\n\n\n<blockquote class=\"wp-block-quote has-background is-layout-flow wp-block-quote-is-layout-flow\" style=\"background-color:#e6ede2\">\n<figure class=\"wp-block-embed is-type-video is-provider-vimeo wp-block-embed-vimeo wp-embed-aspect-16-9 wp-has-aspect-ratio\"><div class=\"wp-block-embed__wrapper\">\n<iframe loading=\"lazy\" title=\"Una aproximaci\u00f3n cient\u00edfica al valor de la cooperaci\u00f3n\" src=\"https:\/\/player.vimeo.com\/video\/903261583?dnt=1&amp;app_id=122963\" width=\"500\" height=\"281\" frameborder=\"0\" allow=\"autoplay; fullscreen; picture-in-picture; clipboard-write\"><\/iframe>\n<\/div><\/figure>\n<cite><br>En este v\u00eddeo se puede visualizar el trabajo que est\u00e1 realizando Nabucco sobre el tema de la cooperaci\u00f3n, incluido el funcionamiento del cerebro humano.<\/cite><\/blockquote>\n\n\n\n<p>&#8230;o en este otro v\u00eddeo sobre el \u00ab<strong>estudio multidisciplinar sobre la consciencia\u00bb:<\/strong><\/p>\n\n\n\n<blockquote class=\"wp-block-quote has-background is-layout-flow wp-block-quote-is-layout-flow\" style=\"background-color:#e6ede2\">\n<figure class=\"wp-block-embed is-type-video is-provider-vimeo wp-block-embed-vimeo wp-embed-aspect-16-9 wp-has-aspect-ratio\"><div class=\"wp-block-embed__wrapper\">\n<iframe loading=\"lazy\" title=\"Estudio multidisciplinar sobre la consciencia. Algunas consecuencias pol\u00edticas y culturales. Grupo Nabucco.\" src=\"https:\/\/player.vimeo.com\/video\/803055906?dnt=1&amp;app_id=122963\" width=\"500\" height=\"281\" frameborder=\"0\" allow=\"autoplay; fullscreen; picture-in-picture; clipboard-write\"><\/iframe>\n<\/div><\/figure>\n<\/blockquote>\n\n\n\n<p>Origen de Nabucco. Comenz\u00f3 siendo un spin-off (Nabucco Center S.L.) de la Universidad de Sevilla.<\/p>\n\n\n\n<p>Se pone en marcha en verano del 2011 para el an\u00e1lisis de la realidad desde el estudio de los sistemas din\u00e1micos no lineales.<\/p>\n","protected":false},"excerpt":{"rendered":"<p>Somos un grupo de profesionales e investigadores que trabajamos en el campo de las matem\u00e1ticas, de la salud, de la psicolog\u00eda y filosof\u00eda entre otras disciplinas. Todas ellas coordinadas como equipo multidisciplinar al servicio del bien com\u00fan, de la dignidad sagrada de la vida&#8230; El grupo Nabucco se integra en Profesionales por el Bien Com\u00fan. [&hellip;]<\/p>\n","protected":false},"author":1,"featured_media":29,"parent":0,"menu_order":0,"comment_status":"closed","ping_status":"open","template":"","meta":{"footnotes":""},"class_list":["post-2","page","type-page","status-publish","has-post-thumbnail","hentry"],"yoast_head":"<!-- This site is optimized with the Yoast SEO plugin v24.0 - https:\/\/yoast.com\/wordpress\/plugins\/seo\/ -->\n<title>NABUCCO - Nabucco<\/title>\n<meta name=\"robots\" content=\"index, follow, max-snippet:-1, max-image-preview:large, max-video-preview:-1\" \/>\n<link rel=\"canonical\" href=\"https:\/\/nabucco.es\/\" \/>\n<meta property=\"og:locale\" content=\"es_ES\" \/>\n<meta property=\"og:type\" content=\"article\" \/>\n<meta property=\"og:title\" content=\"NABUCCO - Nabucco\" \/>\n<meta property=\"og:description\" content=\"Somos un grupo de profesionales e investigadores que trabajamos en el campo de las matem\u00e1ticas, de la salud, de la psicolog\u00eda y filosof\u00eda entre otras disciplinas. Todas ellas coordinadas como equipo multidisciplinar al servicio del bien com\u00fan, de la dignidad sagrada de la vida&#8230; El grupo Nabucco se integra en Profesionales por el Bien Com\u00fan. [&hellip;]\" \/>\n<meta property=\"og:url\" content=\"https:\/\/nabucco.es\/\" \/>\n<meta property=\"og:site_name\" content=\"Nabucco\" \/>\n<meta property=\"article:modified_time\" content=\"2024-11-12T15:50:23+00:00\" \/>\n<meta property=\"og:image\" content=\"https:\/\/nabucco.es\/wp-content\/uploads\/2024\/02\/dinamica-sistemas.jpg\" \/>\n\t<meta property=\"og:image:width\" content=\"625\" \/>\n\t<meta property=\"og:image:height\" content=\"301\" \/>\n\t<meta property=\"og:image:type\" content=\"image\/jpeg\" \/>\n<meta name=\"twitter:card\" content=\"summary_large_image\" \/>\n<meta name=\"twitter:label1\" content=\"Tiempo de lectura\" \/>\n\t<meta name=\"twitter:data1\" content=\"1 minuto\" \/>\n<script type=\"application\/ld+json\" class=\"yoast-schema-graph\">{\"@context\":\"https:\/\/schema.org\",\"@graph\":[{\"@type\":\"WebPage\",\"@id\":\"https:\/\/nabucco.es\/\",\"url\":\"https:\/\/nabucco.es\/\",\"name\":\"NABUCCO - Nabucco\",\"isPartOf\":{\"@id\":\"https:\/\/nabucco.es\/#website\"},\"primaryImageOfPage\":{\"@id\":\"https:\/\/nabucco.es\/#primaryimage\"},\"image\":{\"@id\":\"https:\/\/nabucco.es\/#primaryimage\"},\"thumbnailUrl\":\"https:\/\/nabucco.es\/wp-content\/uploads\/2024\/02\/dinamica-sistemas.jpg\",\"datePublished\":\"2024-02-12T12:00:51+00:00\",\"dateModified\":\"2024-11-12T15:50:23+00:00\",\"breadcrumb\":{\"@id\":\"https:\/\/nabucco.es\/#breadcrumb\"},\"inLanguage\":\"es\",\"potentialAction\":[{\"@type\":\"ReadAction\",\"target\":[\"https:\/\/nabucco.es\/\"]}]},{\"@type\":\"ImageObject\",\"inLanguage\":\"es\",\"@id\":\"https:\/\/nabucco.es\/#primaryimage\",\"url\":\"https:\/\/nabucco.es\/wp-content\/uploads\/2024\/02\/dinamica-sistemas.jpg\",\"contentUrl\":\"https:\/\/nabucco.es\/wp-content\/uploads\/2024\/02\/dinamica-sistemas.jpg\",\"width\":625,\"height\":301},{\"@type\":\"BreadcrumbList\",\"@id\":\"https:\/\/nabucco.es\/#breadcrumb\",\"itemListElement\":[{\"@type\":\"ListItem\",\"position\":1,\"name\":\"Portada\",\"item\":\"https:\/\/nabucco.es\/\"},{\"@type\":\"ListItem\",\"position\":2,\"name\":\"NABUCCO\"}]},{\"@type\":\"WebSite\",\"@id\":\"https:\/\/nabucco.es\/#website\",\"url\":\"https:\/\/nabucco.es\/\",\"name\":\"Nabucco\",\"description\":\"Investigadores y profesionales al servicio del Bien Com\u00fan\",\"publisher\":{\"@id\":\"https:\/\/nabucco.es\/#organization\"},\"potentialAction\":[{\"@type\":\"SearchAction\",\"target\":{\"@type\":\"EntryPoint\",\"urlTemplate\":\"https:\/\/nabucco.es\/?s={search_term_string}\"},\"query-input\":{\"@type\":\"PropertyValueSpecification\",\"valueRequired\":true,\"valueName\":\"search_term_string\"}}],\"inLanguage\":\"es\"},{\"@type\":\"Organization\",\"@id\":\"https:\/\/nabucco.es\/#organization\",\"name\":\"Nabucco\",\"url\":\"https:\/\/nabucco.es\/\",\"logo\":{\"@type\":\"ImageObject\",\"inLanguage\":\"es\",\"@id\":\"https:\/\/nabucco.es\/#\/schema\/logo\/image\/\",\"url\":\"https:\/\/nabucco.es\/wp-content\/uploads\/2024\/02\/olas-nabucco.gif\",\"contentUrl\":\"https:\/\/nabucco.es\/wp-content\/uploads\/2024\/02\/olas-nabucco.gif\",\"width\":150,\"height\":79,\"caption\":\"Nabucco\"},\"image\":{\"@id\":\"https:\/\/nabucco.es\/#\/schema\/logo\/image\/\"}}]}<\/script>\n<!-- \/ Yoast SEO plugin. -->","yoast_head_json":{"title":"NABUCCO - Nabucco","robots":{"index":"index","follow":"follow","max-snippet":"max-snippet:-1","max-image-preview":"max-image-preview:large","max-video-preview":"max-video-preview:-1"},"canonical":"https:\/\/nabucco.es\/","og_locale":"es_ES","og_type":"article","og_title":"NABUCCO - Nabucco","og_description":"Somos un grupo de profesionales e investigadores que trabajamos en el campo de las matem\u00e1ticas, de la salud, de la psicolog\u00eda y filosof\u00eda entre otras disciplinas. Todas ellas coordinadas como equipo multidisciplinar al servicio del bien com\u00fan, de la dignidad sagrada de la vida&#8230; El grupo Nabucco se integra en Profesionales por el Bien Com\u00fan. [&hellip;]","og_url":"https:\/\/nabucco.es\/","og_site_name":"Nabucco","article_modified_time":"2024-11-12T15:50:23+00:00","og_image":[{"width":625,"height":301,"url":"https:\/\/nabucco.es\/wp-content\/uploads\/2024\/02\/dinamica-sistemas.jpg","type":"image\/jpeg"}],"twitter_card":"summary_large_image","twitter_misc":{"Tiempo de lectura":"1 minuto"},"schema":{"@context":"https:\/\/schema.org","@graph":[{"@type":"WebPage","@id":"https:\/\/nabucco.es\/","url":"https:\/\/nabucco.es\/","name":"NABUCCO - Nabucco","isPartOf":{"@id":"https:\/\/nabucco.es\/#website"},"primaryImageOfPage":{"@id":"https:\/\/nabucco.es\/#primaryimage"},"image":{"@id":"https:\/\/nabucco.es\/#primaryimage"},"thumbnailUrl":"https:\/\/nabucco.es\/wp-content\/uploads\/2024\/02\/dinamica-sistemas.jpg","datePublished":"2024-02-12T12:00:51+00:00","dateModified":"2024-11-12T15:50:23+00:00","breadcrumb":{"@id":"https:\/\/nabucco.es\/#breadcrumb"},"inLanguage":"es","potentialAction":[{"@type":"ReadAction","target":["https:\/\/nabucco.es\/"]}]},{"@type":"ImageObject","inLanguage":"es","@id":"https:\/\/nabucco.es\/#primaryimage","url":"https:\/\/nabucco.es\/wp-content\/uploads\/2024\/02\/dinamica-sistemas.jpg","contentUrl":"https:\/\/nabucco.es\/wp-content\/uploads\/2024\/02\/dinamica-sistemas.jpg","width":625,"height":301},{"@type":"BreadcrumbList","@id":"https:\/\/nabucco.es\/#breadcrumb","itemListElement":[{"@type":"ListItem","position":1,"name":"Portada","item":"https:\/\/nabucco.es\/"},{"@type":"ListItem","position":2,"name":"NABUCCO"}]},{"@type":"WebSite","@id":"https:\/\/nabucco.es\/#website","url":"https:\/\/nabucco.es\/","name":"Nabucco","description":"Investigadores y profesionales al servicio del Bien Com\u00fan","publisher":{"@id":"https:\/\/nabucco.es\/#organization"},"potentialAction":[{"@type":"SearchAction","target":{"@type":"EntryPoint","urlTemplate":"https:\/\/nabucco.es\/?s={search_term_string}"},"query-input":{"@type":"PropertyValueSpecification","valueRequired":true,"valueName":"search_term_string"}}],"inLanguage":"es"},{"@type":"Organization","@id":"https:\/\/nabucco.es\/#organization","name":"Nabucco","url":"https:\/\/nabucco.es\/","logo":{"@type":"ImageObject","inLanguage":"es","@id":"https:\/\/nabucco.es\/#\/schema\/logo\/image\/","url":"https:\/\/nabucco.es\/wp-content\/uploads\/2024\/02\/olas-nabucco.gif","contentUrl":"https:\/\/nabucco.es\/wp-content\/uploads\/2024\/02\/olas-nabucco.gif","width":150,"height":79,"caption":"Nabucco"},"image":{"@id":"https:\/\/nabucco.es\/#\/schema\/logo\/image\/"}}]}},"_links":{"self":[{"href":"https:\/\/nabucco.es\/index.php\/wp-json\/wp\/v2\/pages\/2","targetHints":{"allow":["GET"]}}],"collection":[{"href":"https:\/\/nabucco.es\/index.php\/wp-json\/wp\/v2\/pages"}],"about":[{"href":"https:\/\/nabucco.es\/index.php\/wp-json\/wp\/v2\/types\/page"}],"author":[{"embeddable":true,"href":"https:\/\/nabucco.es\/index.php\/wp-json\/wp\/v2\/users\/1"}],"replies":[{"embeddable":true,"href":"https:\/\/nabucco.es\/index.php\/wp-json\/wp\/v2\/comments?post=2"}],"version-history":[{"count":9,"href":"https:\/\/nabucco.es\/index.php\/wp-json\/wp\/v2\/pages\/2\/revisions"}],"predecessor-version":[{"id":36,"href":"https:\/\/nabucco.es\/index.php\/wp-json\/wp\/v2\/pages\/2\/revisions\/36"}],"wp:featuredmedia":[{"embeddable":true,"href":"https:\/\/nabucco.es\/index.php\/wp-json\/wp\/v2\/media\/29"}],"wp:attachment":[{"href":"https:\/\/nabucco.es\/index.php\/wp-json\/wp\/v2\/media?parent=2"}],"curies":[{"name":"wp","href":"https:\/\/api.w.org\/{rel}","templated":true}]}}